{"id":373,"date":"2024-03-26T12:21:52","date_gmt":"2024-03-26T15:21:52","guid":{"rendered":"https:\/\/casamouraacabamentos.com.br\/?post_type=product&#038;p=373"},"modified":"2024-12-27T09:46:51","modified_gmt":"2024-12-27T12:46:51","slug":"cuba-ica11-00-apoio-oval-38x49cm-icasa","status":"publish","type":"product","link":"https:\/\/casamouraacabamentos.com.br\/index.php\/produto\/cuba-ica11-00-apoio-oval-38x49cm-icasa\/","title":{"rendered":"CUBA ICA11 00 APOIO OVAL 38X49CM ICASA"},"content":{"rendered":"<h4>ICA11 &#8211; Cuba de Apoio Oval com Mesa<\/h4>\n<p>Furo central para torneira vem pronto de f\u00e1brica.<\/p>\n<p>&nbsp;<\/p>\n<p>&nbsp;<\/p>\n<p>Consultar condi\u00e7\u00f5es valor parcelado.<\/p>\n","protected":false},"excerpt":{"rendered":"<p>ICA11 &#8211; Cuba de Apoio Oval com Mesa Furo central para torneira vem pronto de f\u00e1brica. &nbsp; &nbsp; Consultar condi\u00e7\u00f5es&hellip;<\/p>\n","protected":false},"featured_media":374,"template":"","meta":[],"product_cat":[23],"product_tag":[],"_links":{"self":[{"href":"https:\/\/casamouraacabamentos.com.br\/index.php\/wp-json\/wp\/v2\/product\/373"}],"collection":[{"href":"https:\/\/casamouraacabamentos.com.br\/index.php\/wp-json\/wp\/v2\/product"}],"about":[{"href":"https:\/\/casamouraacabamentos.com.br\/index.php\/wp-json\/wp\/v2\/types\/product"}],"wp:featuredmedia":[{"embeddable":true,"href":"https:\/\/casamouraacabamentos.com.br\/index.php\/wp-json\/wp\/v2\/media\/374"}],"wp:attachment":[{"href":"https:\/\/casamouraacabamentos.com.br\/index.php\/wp-json\/wp\/v2\/media?parent=373"}],"wp:term":[{"taxonomy":"product_cat","embeddable":true,"href":"https:\/\/casamouraacabamentos.com.br\/index.php\/wp-json\/wp\/v2\/product_cat?post=373"},{"taxonomy":"product_tag","embeddable":true,"href":"https:\/\/casamouraacabamentos.com.br\/index.php\/wp-json\/wp\/v2\/product_tag?post=373"}],"curies":[{"name":"wp","href":"https:\/\/api.w.org\/{rel}","templated":true}]}}