{"id":394,"date":"2024-03-26T15:59:57","date_gmt":"2024-03-26T18:59:57","guid":{"rendered":"https:\/\/casamouraacabamentos.com.br\/?post_type=product&#038;p=394"},"modified":"2024-12-27T09:45:52","modified_gmt":"2024-12-27T12:45:52","slug":"lavat-il31-00-sabara-415x315-susp-br-icasa","status":"publish","type":"product","link":"https:\/\/casamouraacabamentos.com.br\/index.php\/produto\/lavat-il31-00-sabara-415x315-susp-br-icasa\/","title":{"rendered":"LAVAT IL31 00 SABARA 41,5X31,5 SUSP BR ICASA"},"content":{"rendered":"<h4>IL31 &#8211; Lavat\u00f3rio Suspenso<\/h4>\n<p>&nbsp;<\/p>\n<p>&nbsp;<\/p>\n<p>Consultar condi\u00e7\u00f5es valor parcelado.<\/p>\n","protected":false},"excerpt":{"rendered":"<p>IL31 &#8211; Lavat\u00f3rio Suspenso &nbsp; &nbsp; Consultar condi\u00e7\u00f5es valor parcelado.<\/p>\n","protected":false},"featured_media":395,"template":"","meta":[],"product_cat":[23],"product_tag":[],"_links":{"self":[{"href":"https:\/\/casamouraacabamentos.com.br\/index.php\/wp-json\/wp\/v2\/product\/394"}],"collection":[{"href":"https:\/\/casamouraacabamentos.com.br\/index.php\/wp-json\/wp\/v2\/product"}],"about":[{"href":"https:\/\/casamouraacabamentos.com.br\/index.php\/wp-json\/wp\/v2\/types\/product"}],"wp:featuredmedia":[{"embeddable":true,"href":"https:\/\/casamouraacabamentos.com.br\/index.php\/wp-json\/wp\/v2\/media\/395"}],"wp:attachment":[{"href":"https:\/\/casamouraacabamentos.com.br\/index.php\/wp-json\/wp\/v2\/media?parent=394"}],"wp:term":[{"taxonomy":"product_cat","embeddable":true,"href":"https:\/\/casamouraacabamentos.com.br\/index.php\/wp-json\/wp\/v2\/product_cat?post=394"},{"taxonomy":"product_tag","embeddable":true,"href":"https:\/\/casamouraacabamentos.com.br\/index.php\/wp-json\/wp\/v2\/product_tag?post=394"}],"curies":[{"name":"wp","href":"https:\/\/api.w.org\/{rel}","templated":true}]}}