{"id":397,"date":"2024-03-26T16:06:44","date_gmt":"2024-03-26T19:06:44","guid":{"rendered":"https:\/\/casamouraacabamentos.com.br\/?post_type=product&#038;p=397"},"modified":"2024-12-27T09:45:43","modified_gmt":"2024-12-27T12:45:43","slug":"mictorio-c-kit-instal-icasa","status":"publish","type":"product","link":"https:\/\/casamouraacabamentos.com.br\/index.php\/produto\/mictorio-c-kit-instal-icasa\/","title":{"rendered":"MICTORIO  C\/ KIT INSTAL  ICASA"},"content":{"rendered":"<h4>IM1 &#8211; Mict\u00f3rio Sifonado com Kit de Instala\u00e7\u00e3o<\/h4>\n<p>&nbsp;<\/p>\n<p>&nbsp;<\/p>\n<p>Consultar condi\u00e7\u00f5es valor parcelado.<\/p>\n","protected":false},"excerpt":{"rendered":"<p>IM1 &#8211; Mict\u00f3rio Sifonado com Kit de Instala\u00e7\u00e3o &nbsp; &nbsp; Consultar condi\u00e7\u00f5es valor parcelado.<\/p>\n","protected":false},"featured_media":398,"template":"","meta":[],"product_cat":[15],"product_tag":[],"_links":{"self":[{"href":"https:\/\/casamouraacabamentos.com.br\/index.php\/wp-json\/wp\/v2\/product\/397"}],"collection":[{"href":"https:\/\/casamouraacabamentos.com.br\/index.php\/wp-json\/wp\/v2\/product"}],"about":[{"href":"https:\/\/casamouraacabamentos.com.br\/index.php\/wp-json\/wp\/v2\/types\/product"}],"wp:featuredmedia":[{"embeddable":true,"href":"https:\/\/casamouraacabamentos.com.br\/index.php\/wp-json\/wp\/v2\/media\/398"}],"wp:attachment":[{"href":"https:\/\/casamouraacabamentos.com.br\/index.php\/wp-json\/wp\/v2\/media?parent=397"}],"wp:term":[{"taxonomy":"product_cat","embeddable":true,"href":"https:\/\/casamouraacabamentos.com.br\/index.php\/wp-json\/wp\/v2\/product_cat?post=397"},{"taxonomy":"product_tag","embeddable":true,"href":"https:\/\/casamouraacabamentos.com.br\/index.php\/wp-json\/wp\/v2\/product_tag?post=397"}],"curies":[{"name":"wp","href":"https:\/\/api.w.org\/{rel}","templated":true}]}}