{"id":409,"date":"2024-03-26T16:40:34","date_gmt":"2024-03-26T19:40:34","guid":{"rendered":"https:\/\/casamouraacabamentos.com.br\/?post_type=product&#038;p=409"},"modified":"2024-03-27T10:34:30","modified_gmt":"2024-03-27T13:34:30","slug":"graute-max-20kg-fassa-bortolo","status":"publish","type":"product","link":"https:\/\/casamouraacabamentos.com.br\/index.php\/produto\/graute-max-20kg-fassa-bortolo\/","title":{"rendered":"GRAUTE MAX 20KG FASSA BORTOLO"},"content":{"rendered":"<div class=\"product-descrizione-wrapper product-item-wrapper\">\n<div class=\"product-descrizione\">\n<p>Argamassa industrializada com elevada resist\u00eancia mec\u00e2nica para o preenchimento de cavidades no concreto e alvenaria.<\/p>\n<\/div>\n<\/div>\n<div class=\"product-impiego-wrapper product-item-wrapper\">\n<div class=\"product-label\">\n<h3>Utiliza\u00e7\u00e3o<\/h3>\n<\/div>\n<div class=\"product-impiego\">\n<p>FASSA.TEC GRAUTE MAX \u00e9 utilizado para preenchimento de cavidades confinadas no concreto, grauteamento de bases para o posicionamento de m\u00e1quinas como turbinas, geradores, etc., fixa\u00e7\u00e3o de tirantes, grades e preenchimento mirados nos pisos de concreto.<\/p>\n<p>Tamb\u00e9m \u00e9 adequado para grauteamento de cavidades na alvenaria.<\/p>\n<\/div>\n<\/div>\n<div class=\"product-fornitura-wrapper product-item-wrapper\">\n<div class=\"product-label\"><\/div>\n<div class=\"product-fornitura\">\n<p>&nbsp;<\/p>\n<\/div>\n<\/div>\n<p>&nbsp;<\/p>\n<p><strong>Consultar valor especial em nossa loja ou por nossos canais de atendimento.<\/strong><\/p>\n","protected":false},"excerpt":{"rendered":"<p>Argamassa industrializada com elevada resist\u00eancia mec\u00e2nica para o preenchimento de cavidades no concreto e alvenaria. Utiliza\u00e7\u00e3o FASSA.TEC GRAUTE MAX \u00e9&hellip;<\/p>\n","protected":false},"featured_media":410,"template":"","meta":[],"product_cat":[32],"product_tag":[],"_links":{"self":[{"href":"https:\/\/casamouraacabamentos.com.br\/index.php\/wp-json\/wp\/v2\/product\/409"}],"collection":[{"href":"https:\/\/casamouraacabamentos.com.br\/index.php\/wp-json\/wp\/v2\/product"}],"about":[{"href":"https:\/\/casamouraacabamentos.com.br\/index.php\/wp-json\/wp\/v2\/types\/product"}],"wp:featuredmedia":[{"embeddable":true,"href":"https:\/\/casamouraacabamentos.com.br\/index.php\/wp-json\/wp\/v2\/media\/410"}],"wp:attachment":[{"href":"https:\/\/casamouraacabamentos.com.br\/index.php\/wp-json\/wp\/v2\/media?parent=409"}],"wp:term":[{"taxonomy":"product_cat","embeddable":true,"href":"https:\/\/casamouraacabamentos.com.br\/index.php\/wp-json\/wp\/v2\/product_cat?post=409"},{"taxonomy":"product_tag","embeddable":true,"href":"https:\/\/casamouraacabamentos.com.br\/index.php\/wp-json\/wp\/v2\/product_tag?post=409"}],"curies":[{"name":"wp","href":"https:\/\/api.w.org\/{rel}","templated":true}]}}