{"id":572,"date":"2024-04-03T13:36:52","date_gmt":"2024-04-03T16:36:52","guid":{"rendered":"https:\/\/casamouraacabamentos.com.br\/?post_type=product&#038;p=572"},"modified":"2024-12-27T09:40:50","modified_gmt":"2024-12-27T12:40:50","slug":"desforma-plus-bd-18l-viapol","status":"publish","type":"product","link":"https:\/\/casamouraacabamentos.com.br\/index.php\/produto\/desforma-plus-bd-18l-viapol\/","title":{"rendered":"VIAPOL DESFORMA PLUS BD 18L"},"content":{"rendered":"<p><strong>Desforma Plus<\/strong>\u00a0\u00e9 um produto desenvolvido \u00e0 base de \u00f3leos org\u00e2nicos emulsionados em \u00e1gua.<\/p>\n<p>Ideal para uso em formas de madeira, e outras de material absorvente.<\/p>\n<p>&nbsp;<\/p>\n<p>&nbsp;<\/p>\n<p><strong>Consultar condi\u00e7\u00f5es valor parcelado.<\/strong><\/p>\n","protected":false},"excerpt":{"rendered":"<p>Desforma Plus\u00a0\u00e9 um produto desenvolvido \u00e0 base de \u00f3leos org\u00e2nicos emulsionados em \u00e1gua. Ideal para uso em formas de madeira,&hellip;<\/p>\n","protected":false},"featured_media":573,"template":"","meta":[],"product_cat":[35],"product_tag":[],"_links":{"self":[{"href":"https:\/\/casamouraacabamentos.com.br\/index.php\/wp-json\/wp\/v2\/product\/572"}],"collection":[{"href":"https:\/\/casamouraacabamentos.com.br\/index.php\/wp-json\/wp\/v2\/product"}],"about":[{"href":"https:\/\/casamouraacabamentos.com.br\/index.php\/wp-json\/wp\/v2\/types\/product"}],"wp:featuredmedia":[{"embeddable":true,"href":"https:\/\/casamouraacabamentos.com.br\/index.php\/wp-json\/wp\/v2\/media\/573"}],"wp:attachment":[{"href":"https:\/\/casamouraacabamentos.com.br\/index.php\/wp-json\/wp\/v2\/media?parent=572"}],"wp:term":[{"taxonomy":"product_cat","embeddable":true,"href":"https:\/\/casamouraacabamentos.com.br\/index.php\/wp-json\/wp\/v2\/product_cat?post=572"},{"taxonomy":"product_tag","embeddable":true,"href":"https:\/\/casamouraacabamentos.com.br\/index.php\/wp-json\/wp\/v2\/product_tag?post=572"}],"curies":[{"name":"wp","href":"https:\/\/api.w.org\/{rel}","templated":true}]}}