{"id":580,"date":"2024-04-03T14:39:41","date_gmt":"2024-04-03T17:39:41","guid":{"rendered":"https:\/\/casamouraacabamentos.com.br\/?post_type=product&#038;p=580"},"modified":"2024-12-27T09:40:24","modified_gmt":"2024-12-27T12:40:24","slug":"vedalage-branco-36-l-viapol","status":"publish","type":"product","link":"https:\/\/casamouraacabamentos.com.br\/index.php\/produto\/vedalage-branco-36-l-viapol\/","title":{"rendered":"VIAPOL VEDALAGE BRANCO 3,6 L"},"content":{"rendered":"<p><strong>Vedalage\u00ae Branco<\/strong>\u00a0\u00e9 uma manta l\u00edquida pronta para uso \u00e0 base de resina acr\u00edlica. Oferece alta elasticidade, flexibilidade e resist\u00eancia \u00e0s intemp\u00e9ries, al\u00e9m da propriedade de refletir os raios solares, proporcionado maior conforto t\u00e9rmico aos ambientes internos.<\/p>\n<p>PARA:<\/p>\n<ul>\n<li>Lajes expostas sem tr\u00e2nsito;<\/li>\n<li>Telhas de fibrocimento;<\/li>\n<li>Ab\u00f3badas e sheeds;<\/li>\n<li>Vigas de concreto<\/li>\n<li>Calhas de concreto ou fibrocimento.<\/li>\n<\/ul>\n<p>&nbsp;<\/p>\n<p><strong>Consultar condi\u00e7\u00f5es valor parcelado.<\/strong><\/p>\n","protected":false},"excerpt":{"rendered":"<p>Vedalage\u00ae Branco\u00a0\u00e9 uma manta l\u00edquida pronta para uso \u00e0 base de resina acr\u00edlica. Oferece alta elasticidade, flexibilidade e resist\u00eancia \u00e0s&hellip;<\/p>\n","protected":false},"featured_media":581,"template":"","meta":[],"product_cat":[35],"product_tag":[],"_links":{"self":[{"href":"https:\/\/casamouraacabamentos.com.br\/index.php\/wp-json\/wp\/v2\/product\/580"}],"collection":[{"href":"https:\/\/casamouraacabamentos.com.br\/index.php\/wp-json\/wp\/v2\/product"}],"about":[{"href":"https:\/\/casamouraacabamentos.com.br\/index.php\/wp-json\/wp\/v2\/types\/product"}],"wp:featuredmedia":[{"embeddable":true,"href":"https:\/\/casamouraacabamentos.com.br\/index.php\/wp-json\/wp\/v2\/media\/581"}],"wp:attachment":[{"href":"https:\/\/casamouraacabamentos.com.br\/index.php\/wp-json\/wp\/v2\/media?parent=580"}],"wp:term":[{"taxonomy":"product_cat","embeddable":true,"href":"https:\/\/casamouraacabamentos.com.br\/index.php\/wp-json\/wp\/v2\/product_cat?post=580"},{"taxonomy":"product_tag","embeddable":true,"href":"https:\/\/casamouraacabamentos.com.br\/index.php\/wp-json\/wp\/v2\/product_tag?post=580"}],"curies":[{"name":"wp","href":"https:\/\/api.w.org\/{rel}","templated":true}]}}