{"id":589,"date":"2024-04-03T15:11:05","date_gmt":"2024-04-03T18:11:05","guid":{"rendered":"https:\/\/casamouraacabamentos.com.br\/?post_type=product&#038;p=589"},"modified":"2024-12-27T09:40:02","modified_gmt":"2024-12-27T12:40:02","slug":"viapol-viabit-acqua-bd-18-l","status":"publish","type":"product","link":"https:\/\/casamouraacabamentos.com.br\/index.php\/produto\/viapol-viabit-acqua-bd-18-l\/","title":{"rendered":"VIAPOL VIABIT ACQUA  BD 18 L"},"content":{"rendered":"<p>\u00c9 uma emuls\u00e3o asf\u00e1ltica especialmente desenvolvida para impermeabiliza\u00e7\u00f5es sob a forma de pintura, podendo ser aplicada mesmo com a presen\u00e7a de umidade. Quando misturado com areia, torna-se um excelente material aglutinante para a execu\u00e7\u00e3o de preenchimento.<\/p>\n<h1 role=\"heading\" data-uw-rm-heading=\"level\"><strong>UTILIZA\u00c7\u00c3O<\/strong><\/h1>\n<ul>\n<li>Funda\u00e7\u00f5es;<\/li>\n<li>Baldrames;<\/li>\n<li>Muros de arrimo;<\/li>\n<li>Alicerces;<\/li>\n<li>Estruturas em contato com o solo;<\/li>\n<\/ul>\n<p><strong>Consultar condi\u00e7\u00f5es valor parcelado.<\/strong><\/p>\n","protected":false},"excerpt":{"rendered":"<p>\u00c9 uma emuls\u00e3o asf\u00e1ltica especialmente desenvolvida para impermeabiliza\u00e7\u00f5es sob a forma de pintura, podendo ser aplicada mesmo com a presen\u00e7a&hellip;<\/p>\n","protected":false},"featured_media":590,"template":"","meta":[],"product_cat":[35],"product_tag":[],"_links":{"self":[{"href":"https:\/\/casamouraacabamentos.com.br\/index.php\/wp-json\/wp\/v2\/product\/589"}],"collection":[{"href":"https:\/\/casamouraacabamentos.com.br\/index.php\/wp-json\/wp\/v2\/product"}],"about":[{"href":"https:\/\/casamouraacabamentos.com.br\/index.php\/wp-json\/wp\/v2\/types\/product"}],"wp:featuredmedia":[{"embeddable":true,"href":"https:\/\/casamouraacabamentos.com.br\/index.php\/wp-json\/wp\/v2\/media\/590"}],"wp:attachment":[{"href":"https:\/\/casamouraacabamentos.com.br\/index.php\/wp-json\/wp\/v2\/media?parent=589"}],"wp:term":[{"taxonomy":"product_cat","embeddable":true,"href":"https:\/\/casamouraacabamentos.com.br\/index.php\/wp-json\/wp\/v2\/product_cat?post=589"},{"taxonomy":"product_tag","embeddable":true,"href":"https:\/\/casamouraacabamentos.com.br\/index.php\/wp-json\/wp\/v2\/product_tag?post=589"}],"curies":[{"name":"wp","href":"https:\/\/api.w.org\/{rel}","templated":true}]}}