{"id":598,"date":"2024-04-03T16:23:00","date_gmt":"2024-04-03T19:23:00","guid":{"rendered":"https:\/\/casamouraacabamentos.com.br\/?post_type=product&#038;p=598"},"modified":"2024-12-27T09:39:41","modified_gmt":"2024-12-27T12:39:41","slug":"viapol-viaplus-reparo-4kg","status":"publish","type":"product","link":"https:\/\/casamouraacabamentos.com.br\/index.php\/produto\/viapol-viaplus-reparo-4kg\/","title":{"rendered":"VIAPOL VIAPLUS REPARO 4KG"},"content":{"rendered":"<p>Impermeabilizante monocomponente branco, \u00e0 base de cimentos especiais, aditivos minerais e pol\u00edmeros, indicado para veda\u00e7\u00e3o e tratamento de umidade, mofo e bolor\u00a0\u00a0 em paredes internas e externas.<\/p>\n<h1 role=\"heading\" data-uw-rm-heading=\"level\"><strong>UTILIZA\u00c7\u00c3O<\/strong><\/h1>\n<ul>\n<li>\u00c9 utilizado para impermeabiliza\u00e7\u00e3o, elimina\u00e7\u00e3o da umidade em paredes internas e externas.<\/li>\n<li>Aplic\u00e1vel tamb\u00e9m em paredes internas de Drywall (gesso acartonado).<\/li>\n<\/ul>\n<p>&nbsp;<\/p>\n<p><strong>Consultar condi\u00e7\u00f5es valor parcelado.<\/strong><\/p>\n","protected":false},"excerpt":{"rendered":"<p>Impermeabilizante monocomponente branco, \u00e0 base de cimentos especiais, aditivos minerais e pol\u00edmeros, indicado para veda\u00e7\u00e3o e tratamento de umidade, mofo&hellip;<\/p>\n","protected":false},"featured_media":599,"template":"","meta":[],"product_cat":[35],"product_tag":[],"_links":{"self":[{"href":"https:\/\/casamouraacabamentos.com.br\/index.php\/wp-json\/wp\/v2\/product\/598"}],"collection":[{"href":"https:\/\/casamouraacabamentos.com.br\/index.php\/wp-json\/wp\/v2\/product"}],"about":[{"href":"https:\/\/casamouraacabamentos.com.br\/index.php\/wp-json\/wp\/v2\/types\/product"}],"wp:featuredmedia":[{"embeddable":true,"href":"https:\/\/casamouraacabamentos.com.br\/index.php\/wp-json\/wp\/v2\/media\/599"}],"wp:attachment":[{"href":"https:\/\/casamouraacabamentos.com.br\/index.php\/wp-json\/wp\/v2\/media?parent=598"}],"wp:term":[{"taxonomy":"product_cat","embeddable":true,"href":"https:\/\/casamouraacabamentos.com.br\/index.php\/wp-json\/wp\/v2\/product_cat?post=598"},{"taxonomy":"product_tag","embeddable":true,"href":"https:\/\/casamouraacabamentos.com.br\/index.php\/wp-json\/wp\/v2\/product_tag?post=598"}],"curies":[{"name":"wp","href":"https:\/\/api.w.org\/{rel}","templated":true}]}}