{"id":602,"date":"2024-04-03T16:43:16","date_gmt":"2024-04-03T19:43:16","guid":{"rendered":"https:\/\/casamouraacabamentos.com.br\/?post_type=product&#038;p=602"},"modified":"2024-12-27T09:05:42","modified_gmt":"2024-12-27T12:05:42","slug":"blukit-anel-vedacao-sanitario-c-guia","status":"publish","type":"product","link":"https:\/\/casamouraacabamentos.com.br\/index.php\/produto\/blukit-anel-vedacao-sanitario-c-guia\/","title":{"rendered":"BLUKIT ANEL VEDACAO SANITARIO C\/GUIA"},"content":{"rendered":"<p>Alguns produtos ficam instalados onde ningu\u00e9m os v\u00ea. Nem por isso s\u00e3o menos importantes, muito pelo contr\u00e1rio, o Anel de Veda\u00e7\u00e3o Blukit \u00e9 respons\u00e1vel por impedir que o mau cheiro retorne ao ambiente em uma instala\u00e7\u00e3o de vaso sanit\u00e1rio. A f\u00f3rmula do Anel de Veda\u00e7\u00e3o Blukit \u00e9 exclusiva. Ela foi aperfei\u00e7oada ao longo dos anos e o resultado agora \u00e9 uma massa resistente, de f\u00e1cil modelagem, que n\u00e3o resseca, n\u00e3o racha e se adapta a diferentes tipos de instala\u00e7\u00e3o. A Blukit est\u00e1 h\u00e1 mais de 25 anos no mercado sendo refer\u00eancia em \u00e1gua e g\u00e1s. Se \u00e9 Blukit est\u00e1 tudo certo.<\/p>\n<p>&nbsp;<\/p>\n<p><strong>Consultar condi\u00e7\u00f5es valor parcelado.<\/strong><\/p>\n","protected":false},"excerpt":{"rendered":"<p>Alguns produtos ficam instalados onde ningu\u00e9m os v\u00ea. Nem por isso s\u00e3o menos importantes, muito pelo contr\u00e1rio, o Anel de&hellip;<\/p>\n","protected":false},"featured_media":603,"template":"","meta":[],"product_cat":[18,20],"product_tag":[],"_links":{"self":[{"href":"https:\/\/casamouraacabamentos.com.br\/index.php\/wp-json\/wp\/v2\/product\/602"}],"collection":[{"href":"https:\/\/casamouraacabamentos.com.br\/index.php\/wp-json\/wp\/v2\/product"}],"about":[{"href":"https:\/\/casamouraacabamentos.com.br\/index.php\/wp-json\/wp\/v2\/types\/product"}],"wp:featuredmedia":[{"embeddable":true,"href":"https:\/\/casamouraacabamentos.com.br\/index.php\/wp-json\/wp\/v2\/media\/603"}],"wp:attachment":[{"href":"https:\/\/casamouraacabamentos.com.br\/index.php\/wp-json\/wp\/v2\/media?parent=602"}],"wp:term":[{"taxonomy":"product_cat","embeddable":true,"href":"https:\/\/casamouraacabamentos.com.br\/index.php\/wp-json\/wp\/v2\/product_cat?post=602"},{"taxonomy":"product_tag","embeddable":true,"href":"https:\/\/casamouraacabamentos.com.br\/index.php\/wp-json\/wp\/v2\/product_tag?post=602"}],"curies":[{"name":"wp","href":"https:\/\/api.w.org\/{rel}","templated":true}]}}