{"id":613,"date":"2024-04-04T09:33:22","date_gmt":"2024-04-04T12:33:22","guid":{"rendered":"https:\/\/casamouraacabamentos.com.br\/?post_type=product&#038;p=613"},"modified":"2024-12-27T09:07:29","modified_gmt":"2024-12-27T12:07:29","slug":"blukit-kit-conver-38-x-1-2-tampa-lisa-br","status":"publish","type":"product","link":"https:\/\/casamouraacabamentos.com.br\/index.php\/produto\/blukit-kit-conver-38-x-1-2-tampa-lisa-br\/","title":{"rendered":"BLUKIT KIT CONVER 38 X 1\/2 TAMPA LISA CROMADA"},"content":{"rendered":"<p>O Conversor de Ponto de \u00c1gua DN38 para 1\/2&#8243; \u00e9 uma solu\u00e7\u00e3o exclusiva e patenteada Blukit. Com ele, voc\u00ea pode criar um ponto de \u00e1gua de 1\/2&#8243; a partir da tubula\u00e7\u00e3o de descarga de parede e instalar um lavat\u00f3rio, uma m\u00e1quina de lavar, torneira, duchinha higi\u00eanica, um filtro de \u00e1gua ou um vaso sanit\u00e1rio com caixa acoplada e muito mais. Esse sistema evita a quebra da parede e torna a instala\u00e7\u00e3o utiliz\u00e1vel para outra finalidade.<\/p>\n<p>&nbsp;<\/p>\n<p>&nbsp;<\/p>\n<p><strong>Consultar condi\u00e7\u00f5es valor parcelado.<\/strong><\/p>\n","protected":false},"excerpt":{"rendered":"<p>O Conversor de Ponto de \u00c1gua DN38 para 1\/2&#8243; \u00e9 uma solu\u00e7\u00e3o exclusiva e patenteada Blukit. Com ele, voc\u00ea pode&hellip;<\/p>\n","protected":false},"featured_media":614,"template":"","meta":[],"product_cat":[18,20],"product_tag":[],"_links":{"self":[{"href":"https:\/\/casamouraacabamentos.com.br\/index.php\/wp-json\/wp\/v2\/product\/613"}],"collection":[{"href":"https:\/\/casamouraacabamentos.com.br\/index.php\/wp-json\/wp\/v2\/product"}],"about":[{"href":"https:\/\/casamouraacabamentos.com.br\/index.php\/wp-json\/wp\/v2\/types\/product"}],"wp:featuredmedia":[{"embeddable":true,"href":"https:\/\/casamouraacabamentos.com.br\/index.php\/wp-json\/wp\/v2\/media\/614"}],"wp:attachment":[{"href":"https:\/\/casamouraacabamentos.com.br\/index.php\/wp-json\/wp\/v2\/media?parent=613"}],"wp:term":[{"taxonomy":"product_cat","embeddable":true,"href":"https:\/\/casamouraacabamentos.com.br\/index.php\/wp-json\/wp\/v2\/product_cat?post=613"},{"taxonomy":"product_tag","embeddable":true,"href":"https:\/\/casamouraacabamentos.com.br\/index.php\/wp-json\/wp\/v2\/product_tag?post=613"}],"curies":[{"name":"wp","href":"https:\/\/api.w.org\/{rel}","templated":true}]}}