{"id":637,"date":"2024-04-04T13:04:06","date_gmt":"2024-04-04T16:04:06","guid":{"rendered":"https:\/\/casamouraacabamentos.com.br\/?post_type=product&#038;p=637"},"modified":"2024-12-27T09:39:05","modified_gmt":"2024-12-27T12:39:05","slug":"blukit-sifao-universal-triplo-branco","status":"publish","type":"product","link":"https:\/\/casamouraacabamentos.com.br\/index.php\/produto\/blukit-sifao-universal-triplo-branco\/","title":{"rendered":"BLUKIT SIFAO UNIVERSAL TRIPLO BRANCO"},"content":{"rendered":"<p>Sif\u00f5es Tubos Extensivos Blukit s\u00e3o a melhor op\u00e7\u00e3o para quem busca um produto vers\u00e1til e pr\u00e1tico para escoamento de \u00e1guas servidas dos ambientes. Fabricados em pl\u00e1sticos de engenharia, ultra resistentes que suportam extremas temperaturas da \u00e1gua, com acabamento branco ou cinza. Seu uso correto assegura um ambiente livre dos odores do esgoto..<\/p>\n<p>&nbsp;<\/p>\n<p><strong>Consultar condi\u00e7\u00f5es valor parcelado.<\/strong><\/p>\n","protected":false},"excerpt":{"rendered":"<p>Sif\u00f5es Tubos Extensivos Blukit s\u00e3o a melhor op\u00e7\u00e3o para quem busca um produto vers\u00e1til e pr\u00e1tico para escoamento de \u00e1guas&hellip;<\/p>\n","protected":false},"featured_media":638,"template":"","meta":[],"product_cat":[20],"product_tag":[],"_links":{"self":[{"href":"https:\/\/casamouraacabamentos.com.br\/index.php\/wp-json\/wp\/v2\/product\/637"}],"collection":[{"href":"https:\/\/casamouraacabamentos.com.br\/index.php\/wp-json\/wp\/v2\/product"}],"about":[{"href":"https:\/\/casamouraacabamentos.com.br\/index.php\/wp-json\/wp\/v2\/types\/product"}],"wp:featuredmedia":[{"embeddable":true,"href":"https:\/\/casamouraacabamentos.com.br\/index.php\/wp-json\/wp\/v2\/media\/638"}],"wp:attachment":[{"href":"https:\/\/casamouraacabamentos.com.br\/index.php\/wp-json\/wp\/v2\/media?parent=637"}],"wp:term":[{"taxonomy":"product_cat","embeddable":true,"href":"https:\/\/casamouraacabamentos.com.br\/index.php\/wp-json\/wp\/v2\/product_cat?post=637"},{"taxonomy":"product_tag","embeddable":true,"href":"https:\/\/casamouraacabamentos.com.br\/index.php\/wp-json\/wp\/v2\/product_tag?post=637"}],"curies":[{"name":"wp","href":"https:\/\/api.w.org\/{rel}","templated":true}]}}