{"id":640,"date":"2024-04-04T14:27:06","date_gmt":"2024-04-04T17:27:06","guid":{"rendered":"https:\/\/casamouraacabamentos.com.br\/?post_type=product&#038;p=640"},"modified":"2024-12-27T09:38:58","modified_gmt":"2024-12-27T12:38:58","slug":"blukit-tubo-ligacao-ajustavel-branco","status":"publish","type":"product","link":"https:\/\/casamouraacabamentos.com.br\/index.php\/produto\/blukit-tubo-ligacao-ajustavel-branco\/","title":{"rendered":"BLUKIT TUBO LIGACAO AJUSTAVEL BRANCO"},"content":{"rendered":"<p>Fabricados em a\u00e7o inoxid\u00e1vel ou pl\u00e1sticos de engenharia, com acabamento branco ou cromado, os tubos de liga\u00e7\u00e3o Blukit tem como fun\u00e7\u00e3o ligar o vaso sanit\u00e1rio ao ponto de \u00e1gua. Podem ser aplicados a todos os modelos de vasos sanit\u00e1rios convencionais (sem a caixa acoplada).<\/p>\n<p>&nbsp;<\/p>\n<p><strong>Consultar condi\u00e7\u00f5es valor parcelado.<\/strong><\/p>\n","protected":false},"excerpt":{"rendered":"<p>Fabricados em a\u00e7o inoxid\u00e1vel ou pl\u00e1sticos de engenharia, com acabamento branco ou cromado, os tubos de liga\u00e7\u00e3o Blukit tem como&hellip;<\/p>\n","protected":false},"featured_media":641,"template":"","meta":[],"product_cat":[20],"product_tag":[],"_links":{"self":[{"href":"https:\/\/casamouraacabamentos.com.br\/index.php\/wp-json\/wp\/v2\/product\/640"}],"collection":[{"href":"https:\/\/casamouraacabamentos.com.br\/index.php\/wp-json\/wp\/v2\/product"}],"about":[{"href":"https:\/\/casamouraacabamentos.com.br\/index.php\/wp-json\/wp\/v2\/types\/product"}],"wp:featuredmedia":[{"embeddable":true,"href":"https:\/\/casamouraacabamentos.com.br\/index.php\/wp-json\/wp\/v2\/media\/641"}],"wp:attachment":[{"href":"https:\/\/casamouraacabamentos.com.br\/index.php\/wp-json\/wp\/v2\/media?parent=640"}],"wp:term":[{"taxonomy":"product_cat","embeddable":true,"href":"https:\/\/casamouraacabamentos.com.br\/index.php\/wp-json\/wp\/v2\/product_cat?post=640"},{"taxonomy":"product_tag","embeddable":true,"href":"https:\/\/casamouraacabamentos.com.br\/index.php\/wp-json\/wp\/v2\/product_tag?post=640"}],"curies":[{"name":"wp","href":"https:\/\/api.w.org\/{rel}","templated":true}]}}