{"id":698,"date":"2024-04-05T16:36:36","date_gmt":"2024-04-05T19:36:36","guid":{"rendered":"https:\/\/casamouraacabamentos.com.br\/?post_type=product&#038;p=698"},"modified":"2024-12-27T09:35:51","modified_gmt":"2024-12-27T12:35:51","slug":"torneira-automatic-parede-cr-talita","status":"publish","type":"product","link":"https:\/\/casamouraacabamentos.com.br\/index.php\/produto\/torneira-automatic-parede-cr-talita\/","title":{"rendered":"TORNEIRA AUTOMATIC PAREDE CR TALITA"},"content":{"rendered":"<p class=\"elementor-heading-title elementor-size-default\"><strong>TORNEIRA TALITAMATIC LAVAT\u00d3RIO PAREDE<\/strong><\/p>\n<p>Comprimento: 20 cm<\/p>\n<p>Marca: Talita Metais<\/p>\n<p>Modelo: TalitaMatic<\/p>\n<p>Refer\u00eancia: 1158<\/p>\n<p>&nbsp;<\/p>\n<p><strong>Consultar condi\u00e7\u00f5es valor parcelado.<\/strong><\/p>\n","protected":false},"excerpt":{"rendered":"<p>TORNEIRA TALITAMATIC LAVAT\u00d3RIO PAREDE Comprimento: 20 cm Marca: Talita Metais Modelo: TalitaMatic Refer\u00eancia: 1158 &nbsp; Consultar condi\u00e7\u00f5es valor parcelado.<\/p>\n","protected":false},"featured_media":699,"template":"","meta":[],"product_cat":[36],"product_tag":[],"_links":{"self":[{"href":"https:\/\/casamouraacabamentos.com.br\/index.php\/wp-json\/wp\/v2\/product\/698"}],"collection":[{"href":"https:\/\/casamouraacabamentos.com.br\/index.php\/wp-json\/wp\/v2\/product"}],"about":[{"href":"https:\/\/casamouraacabamentos.com.br\/index.php\/wp-json\/wp\/v2\/types\/product"}],"wp:featuredmedia":[{"embeddable":true,"href":"https:\/\/casamouraacabamentos.com.br\/index.php\/wp-json\/wp\/v2\/media\/699"}],"wp:attachment":[{"href":"https:\/\/casamouraacabamentos.com.br\/index.php\/wp-json\/wp\/v2\/media?parent=698"}],"wp:term":[{"taxonomy":"product_cat","embeddable":true,"href":"https:\/\/casamouraacabamentos.com.br\/index.php\/wp-json\/wp\/v2\/product_cat?post=698"},{"taxonomy":"product_tag","embeddable":true,"href":"https:\/\/casamouraacabamentos.com.br\/index.php\/wp-json\/wp\/v2\/product_tag?post=698"}],"curies":[{"name":"wp","href":"https:\/\/api.w.org\/{rel}","templated":true}]}}