{"id":702,"date":"2024-04-05T16:52:24","date_gmt":"2024-04-05T19:52:24","guid":{"rendered":"https:\/\/casamouraacabamentos.com.br\/?post_type=product&#038;p=702"},"modified":"2024-12-27T09:35:31","modified_gmt":"2024-12-27T12:35:31","slug":"chuveiro-quadrado-slim-luxo-talita","status":"publish","type":"product","link":"https:\/\/casamouraacabamentos.com.br\/index.php\/produto\/chuveiro-quadrado-slim-luxo-talita\/","title":{"rendered":"CHUVEIRO QUADRADO SLIM LUXO TALITA"},"content":{"rendered":"<p>CHUVEIRO QUADRADO SLIM LUXO<\/p>\n<p>&nbsp;<\/p>\n<p>Marca: Talita Metais<\/p>\n<p>Modelo: CHUVEIRO SLIM<\/p>\n<p>Refer\u00eancia: 3321<\/p>\n<p>&nbsp;<\/p>\n<p>&nbsp;<\/p>\n<p><strong>Consultar condi\u00e7\u00f5es valor parcelado.<\/strong><\/p>\n","protected":false},"excerpt":{"rendered":"<p>CHUVEIRO QUADRADO SLIM LUXO &nbsp; Marca: Talita Metais Modelo: CHUVEIRO SLIM Refer\u00eancia: 3321 &nbsp; &nbsp; Consultar condi\u00e7\u00f5es valor parcelado.<\/p>\n","protected":false},"featured_media":703,"template":"","meta":[],"product_cat":[19],"product_tag":[],"_links":{"self":[{"href":"https:\/\/casamouraacabamentos.com.br\/index.php\/wp-json\/wp\/v2\/product\/702"}],"collection":[{"href":"https:\/\/casamouraacabamentos.com.br\/index.php\/wp-json\/wp\/v2\/product"}],"about":[{"href":"https:\/\/casamouraacabamentos.com.br\/index.php\/wp-json\/wp\/v2\/types\/product"}],"wp:featuredmedia":[{"embeddable":true,"href":"https:\/\/casamouraacabamentos.com.br\/index.php\/wp-json\/wp\/v2\/media\/703"}],"wp:attachment":[{"href":"https:\/\/casamouraacabamentos.com.br\/index.php\/wp-json\/wp\/v2\/media?parent=702"}],"wp:term":[{"taxonomy":"product_cat","embeddable":true,"href":"https:\/\/casamouraacabamentos.com.br\/index.php\/wp-json\/wp\/v2\/product_cat?post=702"},{"taxonomy":"product_tag","embeddable":true,"href":"https:\/\/casamouraacabamentos.com.br\/index.php\/wp-json\/wp\/v2\/product_tag?post=702"}],"curies":[{"name":"wp","href":"https:\/\/api.w.org\/{rel}","templated":true}]}}