{"id":726,"date":"2024-04-06T09:37:57","date_gmt":"2024-04-06T12:37:57","guid":{"rendered":"https:\/\/casamouraacabamentos.com.br\/?post_type=product&#038;p=726"},"modified":"2024-12-27T09:05:10","modified_gmt":"2024-12-27T12:05:10","slug":"barra-apoio-curva-80cm-minox","status":"publish","type":"product","link":"https:\/\/casamouraacabamentos.com.br\/index.php\/produto\/barra-apoio-curva-80cm-minox\/","title":{"rendered":"BARRA DE APOIO 80CM A\u00c7O INOX"},"content":{"rendered":"<p>Descri\u00e7\u00e3o: 100% A\u00e7o Inoxid\u00e1vel<\/p>\n<p>Tamanho 80 cm<\/p>\n<h6>IMAGENS ILUSTRATIVAS<\/h6>\n<p><strong>Consultar condi\u00e7\u00f5es valor parcelado.<\/strong><\/p>\n","protected":false},"excerpt":{"rendered":"<p>Descri\u00e7\u00e3o: 100% A\u00e7o Inoxid\u00e1vel Tamanho 80 cm IMAGENS ILUSTRATIVAS Consultar condi\u00e7\u00f5es valor parcelado.<\/p>\n","protected":false},"featured_media":727,"template":"","meta":[],"product_cat":[38],"product_tag":[],"_links":{"self":[{"href":"https:\/\/casamouraacabamentos.com.br\/index.php\/wp-json\/wp\/v2\/product\/726"}],"collection":[{"href":"https:\/\/casamouraacabamentos.com.br\/index.php\/wp-json\/wp\/v2\/product"}],"about":[{"href":"https:\/\/casamouraacabamentos.com.br\/index.php\/wp-json\/wp\/v2\/types\/product"}],"wp:featuredmedia":[{"embeddable":true,"href":"https:\/\/casamouraacabamentos.com.br\/index.php\/wp-json\/wp\/v2\/media\/727"}],"wp:attachment":[{"href":"https:\/\/casamouraacabamentos.com.br\/index.php\/wp-json\/wp\/v2\/media?parent=726"}],"wp:term":[{"taxonomy":"product_cat","embeddable":true,"href":"https:\/\/casamouraacabamentos.com.br\/index.php\/wp-json\/wp\/v2\/product_cat?post=726"},{"taxonomy":"product_tag","embeddable":true,"href":"https:\/\/casamouraacabamentos.com.br\/index.php\/wp-json\/wp\/v2\/product_tag?post=726"}],"curies":[{"name":"wp","href":"https:\/\/api.w.org\/{rel}","templated":true}]}}