{"id":781,"date":"2024-04-10T15:29:38","date_gmt":"2024-04-10T18:29:38","guid":{"rendered":"https:\/\/casamouraacabamentos.com.br\/?post_type=product&#038;p=781"},"modified":"2024-12-27T09:29:24","modified_gmt":"2024-12-27T12:29:24","slug":"mangueira-corrugada-25mm-amarela","status":"publish","type":"product","link":"https:\/\/casamouraacabamentos.com.br\/index.php\/produto\/mangueira-corrugada-25mm-amarela\/","title":{"rendered":"MANGUEIRA CORRUGADA 25MM AMARELA"},"content":{"rendered":"<p>Usando o material e o tipo de cabo certos, \u00e9 poss\u00edvel transportar energia de um ponto para outro sem dificuldade, de forma segura, confi\u00e1vel e sem complica\u00e7\u00f5es.<\/p>\n<p>Aviso legal<br \/>\n\u2022 Cabo n\u00e3o propagador de inc\u00eandio.<\/p>\n<p>&nbsp;<\/p>\n<p><strong>Consultar condi\u00e7\u00f5es valor parcelado.<\/strong><\/p>\n<p>&nbsp;<\/p>\n<p>&nbsp;<\/p>\n<h6>IMAGENS ILUSTRATIVAS<\/h6>\n<p>&nbsp;<\/p>\n","protected":false},"excerpt":{"rendered":"<p>Usando o material e o tipo de cabo certos, \u00e9 poss\u00edvel transportar energia de um ponto para outro sem dificuldade,&hellip;<\/p>\n","protected":false},"featured_media":782,"template":"","meta":[],"product_cat":[21],"product_tag":[],"_links":{"self":[{"href":"https:\/\/casamouraacabamentos.com.br\/index.php\/wp-json\/wp\/v2\/product\/781"}],"collection":[{"href":"https:\/\/casamouraacabamentos.com.br\/index.php\/wp-json\/wp\/v2\/product"}],"about":[{"href":"https:\/\/casamouraacabamentos.com.br\/index.php\/wp-json\/wp\/v2\/types\/product"}],"wp:featuredmedia":[{"embeddable":true,"href":"https:\/\/casamouraacabamentos.com.br\/index.php\/wp-json\/wp\/v2\/media\/782"}],"wp:attachment":[{"href":"https:\/\/casamouraacabamentos.com.br\/index.php\/wp-json\/wp\/v2\/media?parent=781"}],"wp:term":[{"taxonomy":"product_cat","embeddable":true,"href":"https:\/\/casamouraacabamentos.com.br\/index.php\/wp-json\/wp\/v2\/product_cat?post=781"},{"taxonomy":"product_tag","embeddable":true,"href":"https:\/\/casamouraacabamentos.com.br\/index.php\/wp-json\/wp\/v2\/product_tag?post=781"}],"curies":[{"name":"wp","href":"https:\/\/api.w.org\/{rel}","templated":true}]}}