{"id":803,"date":"2024-04-11T15:50:56","date_gmt":"2024-04-11T18:50:56","guid":{"rendered":"https:\/\/casamouraacabamentos.com.br\/?post_type=product&#038;p=803"},"modified":"2024-12-27T09:27:07","modified_gmt":"2024-12-27T12:27:07","slug":"valvula-esfera-tripartida-passagem-plena-1-mga","status":"publish","type":"product","link":"https:\/\/casamouraacabamentos.com.br\/index.php\/produto\/valvula-esfera-tripartida-passagem-plena-1-mga\/","title":{"rendered":"VALVULA ESFERA TRIPARTIDA PASSAGEM  PLENA 1&#8243; MGA"},"content":{"rendered":"<p>V\u00e1lvula de bloqueio de fluxo Classe 300 indicada para utiliza\u00e7\u00e3o em diversos l\u00edquidos, gases e vapores em ampla faixa de temperatura e press\u00e3o conforme norma ASME B16.34.<\/p>\n<p>Constru\u00e7\u00e3o tripartida (um corpo e duas tampas), facilitando a manuten\u00e7\u00e3o sem a necessidade de desconectar as extremidades da linha.<\/p>\n<p>Haste \u00e0 prova de expuls\u00e3o.<\/p>\n<p><strong>Consultar condi\u00e7\u00f5es valor parcelado.<\/strong><\/p>\n<h6>IMAGENS ILUSTRATIVAS<\/h6>\n<p>&nbsp;<\/p>\n<div class=\"woocommerce-tabs wc-tabs-wrapper\">\n<div id=\"tab-description\" class=\"woocommerce-Tabs-panel woocommerce-Tabs-panel--description panel entry-content wc-tab\" role=\"tabpanel\" aria-labelledby=\"tab-title-description\">\n<p>&nbsp;<\/p>\n<\/div>\n<\/div>\n","protected":false},"excerpt":{"rendered":"<p>V\u00e1lvula de bloqueio de fluxo Classe 300 indicada para utiliza\u00e7\u00e3o em diversos l\u00edquidos, gases e vapores em ampla faixa de&hellip;<\/p>\n","protected":false},"featured_media":804,"template":"","meta":[],"product_cat":[20],"product_tag":[],"_links":{"self":[{"href":"https:\/\/casamouraacabamentos.com.br\/index.php\/wp-json\/wp\/v2\/product\/803"}],"collection":[{"href":"https:\/\/casamouraacabamentos.com.br\/index.php\/wp-json\/wp\/v2\/product"}],"about":[{"href":"https:\/\/casamouraacabamentos.com.br\/index.php\/wp-json\/wp\/v2\/types\/product"}],"wp:featuredmedia":[{"embeddable":true,"href":"https:\/\/casamouraacabamentos.com.br\/index.php\/wp-json\/wp\/v2\/media\/804"}],"wp:attachment":[{"href":"https:\/\/casamouraacabamentos.com.br\/index.php\/wp-json\/wp\/v2\/media?parent=803"}],"wp:term":[{"taxonomy":"product_cat","embeddable":true,"href":"https:\/\/casamouraacabamentos.com.br\/index.php\/wp-json\/wp\/v2\/product_cat?post=803"},{"taxonomy":"product_tag","embeddable":true,"href":"https:\/\/casamouraacabamentos.com.br\/index.php\/wp-json\/wp\/v2\/product_tag?post=803"}],"curies":[{"name":"wp","href":"https:\/\/api.w.org\/{rel}","templated":true}]}}