{"id":831,"date":"2024-04-12T10:50:27","date_gmt":"2024-04-12T13:50:27","guid":{"rendered":"https:\/\/casamouraacabamentos.com.br\/?post_type=product&#038;p=831"},"modified":"2024-12-27T09:25:27","modified_gmt":"2024-12-27T12:25:27","slug":"tanque-encaixe-inox-40x40x22-acetinado-tramontina","status":"publish","type":"product","link":"https:\/\/casamouraacabamentos.com.br\/index.php\/produto\/tanque-encaixe-inox-40x40x22-acetinado-tramontina\/","title":{"rendered":"TANQUE ENCAIXE INOX 40X40X22 ACETINADO TRAMONTINA"},"content":{"rendered":"<p>Tanque De Encaixe Tramontina 40x40x22( medidas internas) Acetinado Hera 23L &#8211; Fosco<\/p>\n<p>O Tanque De Encaixe Tramontina 40x40x22 Acetinado Hera\u00a023Litros \u00e9 considerado uma \u00f3tima op\u00e7\u00e3o de tanque inox para apartamentos ou em projetos de lavanderia que apresentam um espa\u00e7o reduzido por ser fabricado em\u00a0A\u00e7o Inox 304\u00a0e em sistema monobloco (sem soldas, sendo uma pe\u00e7a \u00fanica), se torna uma pe\u00e7a muito resistente para as tarefas do dia a dia e seu acabamento\u00a0em A\u00e7o Inox Acetinado deixa o tanque menos prop\u00edcio a riscos e mancha, deixando sua lavanderia mais elegante e higi\u00eanica.<\/p>\n<p>Especifica\u00e7\u00f5es T\u00e9cnicas do Tanque de Encaixe Tramontina Hera 23\u00a0Litros Acetinado Fosco<\/p>\n<p>* Medida externa:\u00a044cm x 44cm.<br \/>\n* Medida interna: 40cm x 40cm.<br \/>\n* Profundidade da cuba:\u00a022cm.<br \/>\n* Espessura: 0,7\u00a0mm.<br \/>\n* Capacidade:\u00a023\u00a0litros.<br \/>\n* Acabamento: A\u00e7o inox 304 fosco acetinado.<br \/>\n* Tipo de instala\u00e7\u00e3o:\u00a0Sobrepor ou Embutir, voc\u00ea pode escolher com seu marmorista na instala\u00e7\u00e3o.<br \/>\n* Acompanha:\u00a0V\u00e1lvula 3,1\/2&#8221;.<br \/>\n* Possui esfregador inclinado.<br \/>\n* Fabricado no sistema monobloco (sem solda).<\/p>\n<p><strong>Consultar condi\u00e7\u00f5es valor parcelado.<\/strong><\/p>\n<section class=\"related products\"><\/section>\n<h6>IMAGENS ILUSTRATIVAS<\/h6>\n","protected":false},"excerpt":{"rendered":"<p>Tanque De Encaixe Tramontina 40x40x22( medidas internas) Acetinado Hera 23L &#8211; Fosco O Tanque De Encaixe Tramontina 40x40x22 Acetinado Hera\u00a023Litros&hellip;<\/p>\n","protected":false},"featured_media":832,"template":"","meta":[],"product_cat":[41],"product_tag":[],"_links":{"self":[{"href":"https:\/\/casamouraacabamentos.com.br\/index.php\/wp-json\/wp\/v2\/product\/831"}],"collection":[{"href":"https:\/\/casamouraacabamentos.com.br\/index.php\/wp-json\/wp\/v2\/product"}],"about":[{"href":"https:\/\/casamouraacabamentos.com.br\/index.php\/wp-json\/wp\/v2\/types\/product"}],"wp:featuredmedia":[{"embeddable":true,"href":"https:\/\/casamouraacabamentos.com.br\/index.php\/wp-json\/wp\/v2\/media\/832"}],"wp:attachment":[{"href":"https:\/\/casamouraacabamentos.com.br\/index.php\/wp-json\/wp\/v2\/media?parent=831"}],"wp:term":[{"taxonomy":"product_cat","embeddable":true,"href":"https:\/\/casamouraacabamentos.com.br\/index.php\/wp-json\/wp\/v2\/product_cat?post=831"},{"taxonomy":"product_tag","embeddable":true,"href":"https:\/\/casamouraacabamentos.com.br\/index.php\/wp-json\/wp\/v2\/product_tag?post=831"}],"curies":[{"name":"wp","href":"https:\/\/api.w.org\/{rel}","templated":true}]}}